j?
2, 3
Suppose 4*x - 20 = -3*m, 4*m + 28 - 3 = 5*x. Suppose f + f = -2, -x*g + 662 = -2*f. List the prime factors of g.
2, 3, 11
Suppose 4*r - 85 + 21 = 0. What are the prime factors of 2*1178/r - 5/20?
3, 7
Suppose -5*c = -43 + 8. Suppose -q = c - 25. What are the prime factors of q?
2, 3
Let b = 526 - -250. What are the prime factors of b?
2, 97
Let o = -103 + 165. Let k = 65 - o. What are the prime factors of k?
3
Suppose -17 - 33 = -5*w. Let r(l) = l**3 - 8*l**2 - 12*l - 16. List the prime factors of r(w).
2
Let a = 2619 - 1042. List the prime factors of a.
19, 83
Suppose 5*q = 2*r - 162, -3*r + 172 = 2*q - 33. What are the prime factors of r?
71
Suppose 4*b = -5*k - 12, -6 = k - b - 0*b. What are the prime factors of 0 + 3 + k + 83?
2, 41
List the prime factors of 1*-5 - (11 + -497).
13, 37
Let o = 18 + -16. Suppose -4*h + o*i + 125 = -139, 333 = 5*h - i. List the prime factors of h.
67
List the prime factors of ((-8)/6)/((-26)/6474).
2, 83
Let j(o) = 3*o + 18. Let x be j(-6). Suppose -d - 3*t = -38, t = -x*t. What are the prime factors of d?
2, 19
Suppose -5*k + c + 10 = -0*c, 17 = -k + 4*c. Let y be (-20)/5*(2 - k). Suppose y + 15 = z. What are the prime factors of z?
19
Suppose -31 + 25 = -2*w. Suppose -2*k - 51 = -2*p - 3*k, 3*p + w*k - 75 = 0. List the prime factors of p.
2, 13
Let t(b) = 2*b + 20. Let v be t(-9). Let m be 26 - (-7)/((-7)/v). Suppose -u = -m - 23. What are the prime factors of u?
47
Let q(u) = 3*u**2 + 2*u + 4. Suppose 12 + 3 = 5*b. What are the prime factors of q(b)?
37
Let j(a) = 36*a - 14. Let m be j(6). Let d = m + -140. What are the prime factors of d?
2, 31
Let x be ((-7)/2)/((-2)/(-4)). Let d = 1 + x. Let k = 21 + d. What are the prime factors of k?
3, 5
Suppose 0 = -2*x + 46 + 56. Let m be (-4)/(-6) + 272/x. Suppose -135 = -11*i + m*i. List the prime factors of i.
3
What are the prime factors of 23622/15 + 20/100?
3, 5, 7
Suppose -55 = -5*m + 2*l, m + l - 6 + 2 = 0. Suppose -580 = -m*n + 5*n. Suppose 4*u + u = n. What are the prime factors of u?
29
Suppose -13*i = -14*i + 757. List the prime factors of i.
757
Let i(a) = 14*a**2 + 3*a + 5. Let b be i(5). Let f = 526 - b. What are the prime factors of f?
2, 3, 13
List the prime factors of (-4117)/(-9) - 40/90.
457
Let p = -61 - -61. Suppose p = -31*j + 29*j + 276. What are the prime factors of j?
2, 3, 23
Let i(n) = n**2. Let x be i(0). Let r be x/((-3 - -2)*1). Suppose -2*o - 3*o + 120 = r. What are the prime factors of o?
2, 3
Let q(c) = 196*c + 359. What are the prime factors of q(5)?
13, 103
Let a(v) = -v**3 - v**2 + v + 3. Let w be 0/(-1 - (1 + -3)). Let n be a(w). List the prime factors of 3/(n + 94/(-32)).
2, 3
What are the prime factors of 1174 - (-8 - -3 - -3)?
2, 3, 7
Let k(y) = 9*y + 22. Suppose 4*n = 6*n - 18. What are the prime factors of k(n)?
103
Let j = -3 - -33. Suppose -5*h - 2*p = -j, 3*p + 25 = 3*h + 7. What are the prime factors of h?
2, 3
Let f be -1*14*(-19 - -16). Let d be 3/(1/(2 - 1)). Suppose l + f = d*l. List the prime factors of l.
3, 7
Suppose -9 = 3*g, -50 = -4*q - 4*g - 2. List the prime factors of (-247)/(-3) - 5/q.
2, 41
Suppose 2*s - 4337 = -5*t, 0 = -s + 10*t - 6*t + 2149. What are the prime factors of s?
2161
What are the prime factors of ((-22)/6 - (-5)/(-15)) + 536?
2, 7, 19
Suppose 51*r - 46*r = 2900. Suppose -r = 47*b - 51*b. What are the prime factors of b?
5, 29
Suppose 3*l - 14776 = 54*c - 58*c, c + 5*l = 3711. What are the prime factors of c?
3691
Let r(f) = f + 26. Let j be r(-8). Suppose -j - 72 = -2*i. What are the prime factors of i?
3, 5
Let c(w) = 2*w**2 + 7*w + 4. Let g(t) = -t**3 - 6*t**2 - t - 3. Let u be g(-6). Suppose 0*m + 5*r - 27 = m, 0 = u*m + r + 17. List the prime factors of c(m).
53
Let d(q) = q**2 + q + 1. Let n(i) = -6*i**2 - 10*i - 7. Let x(u) = -5*d(u) - n(u). Let w = -19 + 13. What are the prime factors of x(w)?
2
Let x(g) = 30*g - 8. Let w be x(2). Let o(h) = -56*h - 1 + 5 + h**2 + w*h. What are the prime factors of o(6)?
2
Let k(j) = -j**2 - 7*j. Let g be k(-6). Let w be (3/g)/(2/4). Let f(y) = 20*y - 2. What are the prime factors of f(w)?
2, 3
Let j be 9/12 + (-732)/16. What are the prime factors of ((-18)/15)/(3/j)?
2, 3
Suppose 5*u = -2*a - 15, -5*a = -3*u - 10 + 1. Suppose 0 = 2*b + b - 6. Suppose 0 = -b*k + 118 - a. What are the prime factors of k?
59
Let z = -215 + 463. Suppose -8*w = -z - 1096. List the prime factors of w.
2, 3, 7
Let s = -1535 + 2411. List the prime factors of s.
2, 3, 73
Suppose 3*y = 5*z - 0*z + 19, -2*z = -3*y + 22. Let h(u) = -u**3 + 7*u**2 + 3*u - 1. Let d be h(y). List the prime factors of (0 - -3) + 1 - d.
3, 5
Let l be (38/4)/((-2)/4). Let r = -11 - l. Suppose 16 = 12*y - r*y. What are the prime factors of y?
2
Let u(t) = -1 + 3*t + 2*t**2 + 2 + 6*t - 3*t. List the prime factors of u(-7).
3, 19
Suppose 0 = -x - x - 4, -2*n - 5*x - 4 = 0. Suppose 2*h = -h - n*b + 345, -5*h = -5*b - 545. What are the prime factors of h?
2, 7
Suppose 0 = 91*q - 82*q - 3033. What are the prime factors of q?
337
Let b(x) = -x - 5. Let u(l) = l**2 + 12*l - 8. Let c be u(-12). Let n be b(c). Suppose -20 = -d + n. What are the prime factors of d?
23
Let n = 388 + 1362. What are the prime factors of n?
2, 5, 7
Let s(l) = 2*l**2 - 2*l - 3. Suppose -12*q + 6 = -14*q. What are the prime factors of s(q)?
3, 7
Suppose -6*h + 11*h = 1410. What are the prime factors of h?
2, 3, 47
Suppose -2*v + 3495 - 5 = 0. List the prime factors of v.
5, 349
Suppose 5*n = -0*h + h + 53, 4*n + h - 37 = 0. What are the prime factors of (n/(-4))/((-2)/44)?
5, 11
Suppose -5*c = 2*t - 90, -2*c + t + 50 = -t. Let b(o) = o**3 - 20*o**2 - o + 45. What are the prime factors of b(c)?
5
Let j(v) = -9*v - 15. Let h(x) = -1. Let s(n) = 12*h(n) - j(n). List the prime factors of s(6).
3, 19
Let p(n) = -n**3 + 14*n**2 + 24*n - 192. What are the prime factors of p(7)?
11, 29
Suppose -105*g + 9862 = 5*n - 103*g, 3*g - 7884 = -4*n. List the prime factors of n.
2, 3, 7, 47
Let p(c) = 6*c**2 - 7*c**2 - 13*c**3 - 14*c**3. Let h be p(-1). Let k = 53 - h. What are the prime factors of k?
3
Let o = -13 - -13. Suppose o = -4*m + 5*m - 75. What are the prime factors of m?
3, 5
Let u(m) = m**3 - 4*m**2 + 5*m - 6. Let a be u(3). Suppose -5*r - 5*q = -a*r - 1075, 3*r - q = 665. List the prime factors of r.
2, 5, 11
Let i be (12/(-8) + 2)*12. Suppose -2*g - i + 0 = -3*t, 4 = 2*t - 5*g. What are the prime factors of t/(-10) + 273/15?
2, 3
Let l be 3*(2 + -1)*(4 - 5). Let y = 22 + l. List the prime factors of y.
19
Let q = 3776 - -1736. List the prime factors of q.
2, 13, 53
Let w(x) = 8*x + 1. Let v be w(2). Suppose -3*q - b - 5 = -v, 0 = 5*q - b - 20. What are the prime factors of (-100)/(-7) - q/14?
2, 7
Let j(m) = 31*m**3 - 5*m**2 + 10*m - 5. List the prime factors of j(3).
19, 43
Let x(d) = d - 6. Suppose -z + 2 = -4*q, -q + 0*q - 10 = -5*z. Suppose -48 = -j - z*j. What are the prime factors of x(j)?
2, 5
Let c(k) = -k**2 + 15*k - 2. Let t = 34 + -17. Let q be c(t). Let a = q + 77. What are the prime factors of a?
41
Let u be 8/4*(-15)/6. Let p = u + 6. What are the prime factors of (-11)/((4/p)/(-8))?
2, 11
Let v(p) = p**2 + 7*p - 5. Let g be v(-7). Let s be -3*(-2 + g/(-3)). What are the prime factors of (s + 2)/(3/4)?
2
List the prime factors of (7/(-21))/(2/(-1470)).
5, 7
Let w = 26 + -27. Let f be w - (-4)/((-16)/140). Let k = f + 53. What are the prime factors of k?
17
Let j(u) = -3 + 0*u - 3*u - 22*u. Let x be j(-3). Suppose -4*b + 2*b - 8 = 0, -3*b - x = -5*v. List the prime factors of v.
2, 3
Let q be ((-10)/(-4))/((-83)/84 + 1). Let y = -91 + q. List the prime factors of y.
7, 17
Suppose 122 = 2*s + f, 0 = -4*s + 3*s + 4*f + 70. What are the prime factors of s?
2, 31
Let l(t) = -t**3 - 3*t**2 + 3*t - 3. Suppose 3 - 23 = 5*g. Let a be l(g). Suppose 0 = -y + 9 + a. What are the prime factors of y?
2, 5
Let v(n) = -n**2 - 15*n - 21. Let k be v(-13). Suppose t + 5*l + 540 = 6*t, -4*l - 541 = -k*t. List the prime factors of t.
109
Let i(v) = -v**2 - 5*v + 8. Let o be i(-6). Let h(p) = 35*p + 175. Let r be h(-5). Suppose 13 = a + o*l - l, -3*a - l + 43 = r. List the prime factors of a.
3, 5
Suppose 8*q - 2*q = 2862. What are the prime factors of q?
3, 53
Let c(o) = -o**3 - 7*o**2 + 6*o + 66. What are the prime factors of c(